?
True
Is 29938740 a multiple of 50?
False
Is 636 a factor of 691332?
True
Does 9 divide 20422?
False
Is 151 a factor of 372348?
False
Is 559958 a multiple of 46?
True
Does 279 divide 155961?
True
Is 85 a factor of 9293985?
True
Is 13 a factor of 83725?
False
Is 94844 a multiple of 5?
False
Is 3 a factor of 48233?
False
Is 447 a factor of 2023569?
True
Is 238799 a multiple of 11?
True
Is 21 a factor of 105304?
False
Is 189 a factor of 3198047?
False
Is 23 a factor of 70988?
False
Does 86 divide 3754932?
True
Does 28 divide 329978?
False
Does 23 divide 130732?
True
Is 3481804 a multiple of 983?
False
Is 291975 a multiple of 3?
True
Is 86 a factor of 655320?
True
Does 35 divide 62160?
True
Does 90 divide 65250?
True
Is 4480246 a multiple of 907?
False
Does 29 divide 14803398?
True
Is 96910 a multiple of 55?
True
Does 12 divide 1391125?
False
Is 45 a factor of 1537875?
True
Does 24 divide 49754?
False
Is 28 a factor of 666537?
False
Does 622 divide 9830?
False
Is 66780 a multiple of 14?
True
Is 996 a factor of 4967731?
False
Is 1185750 a multiple of 75?
True
Is 2776976 a multiple of 14?
False
Is 65311 a multiple of 19?
False
Is 40116 a multiple of 30?
False
Is 8985 a multiple of 15?
True
Is 14 a factor of 1703679?
False
Is 1422014 a multiple of 218?
True
Is 65 a factor of 334754?
False
Does 313 divide 511755?
True
Does 63 divide 748438?
False
Is 30 a factor of 1571070?
True
Is 3 a factor of 55982?
False
Is 305 a factor of 7765847?
False
Is 66 a factor of 1600434?
True
Is 91 a factor of 1639982?
False
Does 119 divide 2397969?
True
Is 861463 a multiple of 191?
False
Is 8907758 a multiple of 647?
False
Is 20 a factor of 13894456?
False
Is 14 a factor of 23800?
True
Is 1878336 a multiple of 18?
True
Is 5704592 a multiple of 944?
True
Is 27 a factor of 955496?
False
Is 46 a factor of 7079553?
False
Is 81 a factor of 6889860?
True
Is 59264 a multiple of 128?
True
Does 1043 divide 2912056?
True
Is 192 a factor of 18017071?
False
Does 21 divide 3824583?
True
Is 753483 a multiple of 313?
False
Does 235 divide 512300?
True
Is 36 a factor of 1888711?
False
Is 28 a factor of 14784?
True
Is 608 a factor of 1439136?
True
Is 3353860 a multiple of 8?
False
Does 32 divide 530000?
False
Is 17 a factor of 2203827?
False
Is 115145 a multiple of 56?
False
Is 248468 a multiple of 123?
False
Is 41 a factor of 171216?
True
Is 28 a factor of 650719?
False
Is 1811724 a multiple of 17?
True
Does 5 divide 60368?
False
Is 345679 a multiple of 59?
False
Does 8 divide 170619?
False
Is 104 a factor of 5525832?
True
Is 167461 a multiple of 48?
False
Is 6 a factor of 317083?
False
Is 128 a factor of 81089?
False
Is 26 a factor of 232837?
False
Does 13 divide 103794?
False
Is 263 a factor of 390652?
False
Is 274862 a multiple of 406?
True
Is 167859 a multiple of 12?
False
Is 6 a factor of 425238?
True
Does 928 divide 6933088?
True
Is 117 a factor of 218205?
True
Is 39 a factor of 116025?
True
Does 44 divide 32252?
True
Does 47 divide 11139688?
False
Does 277 divide 8244748?
False
Is 526 a factor of 9994?
True
Is 18273322 a multiple of 582?
False
Is 7316 a multiple of 4?
True
Is 296 a factor of 327672?
True
Does 19 divide 4210456?
False
Is 554 a factor of 293055?
False
Is 5 a factor of 253400?
True
Does 13 divide 108446?
True
Is 217 a factor of 1178330?
False
Is 2 a factor of 16006?
True
Does 50 divide 350?
True
Is 290351 a multiple of 492?
False
Is 18 a factor of 49950?
True
Does 17 divide 10812155?
False
Does 22 divide 11539989?
False
Does 78 divide 32370?
True
Is 2 a factor of 2194421?
False
Is 10412764 a multiple of 22?
False
Does 14 divide 256270?
True
Is 17 a factor of 50150?
True
Does 449 divide 80724?
False
Is 120 a factor of 4857478?
False
Is 516445 a multiple of 19?
False
Is 41060 a multiple of 24?
False
Is 9 a factor of 810412?
False
Does 729 divide 2224179?
True
Is 15 a factor of 2109?
False
Is 4 a factor of 272012?
True
Is 69 a factor of 885907?
False
Is 9 a factor of 175878?
True
Does 195 divide 344101?
False
Does 70 divide 124880?
True
Does 7 divide 3996615?
True
Does 91 divide 148779?
False
Is 379478 a multiple of 22?
True
Is 1741220 a multiple of 20?
True
Is 27566 a multiple of 11?
True
Is 88224 a multiple of 2?
True
Does 3 divide 233829?
True
Does 13 divide 753715?
False
Does 19 divide 778373?
True
Does 23 divide 41584?
True
Does 95 divide 23085?
True
Is 765180 a multiple of 260?
True
Is 4368980 a multiple of 140?
True
Is 167 a factor of 38410?
True
Is 1285463 a multiple of 10?
False
Is 6717344 a multiple of 27?
False
Is 4495986 a multiple of 1566?
True
Does 573 divide 5328326?
False
Does 14 divide 11340?
True
Is 12257582 a multiple of 2587?
False
Is 8 a factor of 298998?
False
Does 125 divide 93625?
True
Is 167 a factor of 3132085?
True
Is 105469 a multiple of 6?
False
Is 521706 a multiple of 72?
False
Is 103410 a multiple of 18?
True
Does 1771 divide 3673248?
False
Does 45 divide 34333345?
False
Is 26247730 a multiple of 21?
False
Is 2600510 a multiple of 50?
False
Is 47 a factor of 43757?
True
Is 133224 a multiple of 189?
False
Is 80 a factor of 15228113?
False
Is 3 a factor of 2574?
True
Does 23 divide 551310?
True
Does 42 divide 170644?
False
Is 657 a factor of 5446753?
False
Is 10 a factor of 452493?
False
Is 13464243 a multiple of 13?
True
Does 472 divide 224200?
True
Is 19 a factor of 24130?
True
Does 229 divide 7290673?
True
Does 149 divide 91831?
False
Is 80 a factor of 2485200?
True
Does 27 divide 350437?
False
Is 17 a factor of 173536?
True
Is 676 a factor of 1137032?
True
Is 146628 a multiple of 4?
True
Does 133 divide 127997?
False
Is 175 a factor of 413000?
True
Is 64 a factor of 987179?
False
Is 1556082 a multiple of 517?
False
Is 2738598 a multiple of 102?
True
Is 90948 a multiple of 53?
True
Is 88 a factor of 373789?
False
Is 18 a factor of 34650?
True
Is 2010848 a multiple of 56?
True
Is 13150 a multiple of 4?
False
Does 7 divide 11352?
False
Is 3890319 a multiple of 109?
True
Does 41 divide 148338?
True
Is 162 a factor of 1110024?
True
Is 1818710 a multiple of 10?
True
Is 539786 a multiple of 26?
True
Is 17781676 a multiple of 134?
False
Is 1355813 a multiple of 3?
False
Is 139 a factor of 3529905?
True
Is 4444905 a multiple of 71?
False
Is 22 a factor of 770?
True
Is 28420 a multiple of 29?
True
Is 23 a factor of 137389?
False
Is 152539 a multiple of 274?
False
Is 85 a factor of 6802478?
False
Is 2047 a factor of 35341455?
True
Does 34 divide 2616708?
True
Is 34279 a multiple of 2?
False
Does 582 divide 1697290?
False
Does 99 divide 978607?
False
Is 1032963 a multiple of 18?
False
Is 21787 even?
False
Does 77 divide 41928?
False
Does 2 divide 13418?
True
Is 5 a factor of 84955?
True
Does 2 divide 24430?
True
Is 2720850 a multiple of 85?
True
Is 17062 a multiple of 19?
True
Is 36151 a multiple of 188?
False
Is 26 a factor of 101400?
True
Is 303 a factor of 659934?
True
Does 86 divide 3251058?
True
Is 95655 a multiple of 35?
True
Is 35649 a multiple of 26?
False
Is 143 a factor of 4704829?
False
Is 18 a factor of 233118?
True
Is 205 a factor of 4638260?
False
Does 3 divide 12302?
False
Is 6439 a multiple of 5?
False
Is 2 a factor of 1428190?
True
Is 358 a factor of 130210?
False
Is 4270253 a multiple of 1891?
False
Does 263 divide 2161860?
True
Does 40 divide 98360?
True
Does 13 divide 3662867?
True
Does 196 divide 993132?
True
Is 11860332 a multiple of 14?
False
Does 38 divide 27702?
True
Is 695 a factor of 21223215?
True
Does 167 divide 14945070?
False
Is 40 a factor of 3475923?
False
Is 14 a factor of 135632?
True
Is 783 a factor of 3963546?
True
Is 18 a factor of 189090?
True
Does 397 divide 3591659?
True
Does 40 divide 3625035?
False
Is 41 a factor of 4275989?
False
Does 33 divide 381117?
True
Is 2987529 a multiple of 9?
False
Is 15 a factor of 442794?
False
Does 187 divide 303102?
False
Is 101 a factor of 956167?
True
Is 73 a factor of 165418?
True
Is 313 a factor of 46324?
True
Is 254017 a multiple of 8?
False
Is 41 a factor of 26118?
False
Does 118 divide 298498?
False
Is 1453856 a multiple of 22?
False
Does 15 divide 249456?
False
Is 103 a factor of 1573100?
False
Is 282044 a multiple of 28?
True
Is 12 a factor of 152737?
False
Does 8 divide 27707?
False
Is 8 a factor of 180799?
False
Is 16412484 a multiple of 66?
True
Does 15 divi